{"id":1305,"date":"2013-07-30T09:25:38","date_gmt":"2013-07-30T07:25:38","guid":{"rendered":"http:\/\/demo.marketpress.com\/hamburg-de\/impressum\/"},"modified":"2015-01-22T17:31:04","modified_gmt":"2015-01-22T16:31:04","slug":"impressum","status":"publish","type":"page","link":"http:\/\/sardinien-hausvermietung.de\/?page_id=1305","title":{"rendered":"Mehr Infos"},"content":{"rendered":"<p><a href=\"http:\/\/sardinien-hausvermietung.de\/wp-content\/uploads\/2015\/01\/Sard2006.jpg\"><img loading=\"lazy\" decoding=\"async\" class=\"alignnone  wp-image-1690\" src=\"http:\/\/sardinien-hausvermietung.de\/wp-content\/uploads\/2015\/01\/Sard2006-300x225.jpg\" alt=\"Sard2006\" width=\"736\" height=\"552\" srcset=\"http:\/\/sardinien-hausvermietung.de\/wp-content\/uploads\/2015\/01\/Sard2006-300x225.jpg 300w, http:\/\/sardinien-hausvermietung.de\/wp-content\/uploads\/2015\/01\/Sard2006-1024x768.jpg 1024w, http:\/\/sardinien-hausvermietung.de\/wp-content\/uploads\/2015\/01\/Sard2006-600x450.jpg 600w, http:\/\/sardinien-hausvermietung.de\/wp-content\/uploads\/2015\/01\/Sard2006-745x558.jpg 745w, http:\/\/sardinien-hausvermietung.de\/wp-content\/uploads\/2015\/01\/Sard2006.jpg 1600w\" sizes=\"(max-width: 736px) 100vw, 736px\" \/><br \/>\n<\/a>In einer wirklich traumhaften Lage, in ruhiger, nat\u00fcrlicher Umgebung befinden sich unser 3 Ferienh\u00e4user auf einem fast 80.000 qm gro\u00dfen, eingez\u00e4unten Areal.<\/p>\n<p>Mit traumhaften Ausblick aufs Meer -bis zu der Nachbarinsel Korsika-, k\u00f6nnen Sie hier ganz in der N\u00e4he des weissen Sandstrandes von Rena Majore Ihren individuellen Urlaub verbringen.<br \/>\nDie H\u00e4user sind gepflegt, sind komplett eingerichtet und werden ausschliesslich privat vermietet.<br \/>\nMit dem Auto erreichen Sie von hier aus schnell alle Ziele um Nordsardinien zu erkunden. Von den einsamen Str\u00e4nden bis zu der bekannten K\u00fcste, der Costa Smeralda, werden Sie immer wieder neue Ausflugsziele entdecken.<br \/>\nUnsere H\u00e4user liegen ruhig, ohne den bekannten italienischen Trubel, aber dennoch zentral, um schnell zum Einkaufen oder mal eben zum Strand zu kommen. Hier finden Sie Erholung pur! Aber auch zum Einkaufen oder den abendlichen Ausflug zum Piazza von Rena Majore oder St.Teresa sind es nur wenige Kilometer\/Fahrminuten mit dem Auto.<br \/>\nDadurch das wir unser Haus privat pflegen, bieten wir einen guten, unkomplizierten Service und die H\u00e4user sind mit kompletter Ausstattung.<\/p>\n","protected":false},"excerpt":{"rendered":"<p>In einer wirklich traumhaften Lage, in ruhiger, nat\u00fcrlicher Umgebung befinden sich unser 3 Ferienh\u00e4user auf einem fast 80.000 qm gro\u00dfen, [&hellip;]<\/p>\n","protected":false},"author":1,"featured_media":0,"parent":0,"menu_order":100,"comment_status":"closed","ping_status":"open","template":"","meta":{"footnotes":""},"class_list":["post-1305","page","type-page","status-publish","hentry","no-featured-image"],"_links":{"self":[{"href":"http:\/\/sardinien-hausvermietung.de\/index.php?rest_route=\/wp\/v2\/pages\/1305"}],"collection":[{"href":"http:\/\/sardinien-hausvermietung.de\/index.php?rest_route=\/wp\/v2\/pages"}],"about":[{"href":"http:\/\/sardinien-hausvermietung.de\/index.php?rest_route=\/wp\/v2\/types\/page"}],"author":[{"embeddable":true,"href":"http:\/\/sardinien-hausvermietung.de\/index.php?rest_route=\/wp\/v2\/users\/1"}],"replies":[{"embeddable":true,"href":"http:\/\/sardinien-hausvermietung.de\/index.php?rest_route=%2Fwp%2Fv2%2Fcomments&post=1305"}],"version-history":[{"count":9,"href":"http:\/\/sardinien-hausvermietung.de\/index.php?rest_route=\/wp\/v2\/pages\/1305\/revisions"}],"predecessor-version":[{"id":1915,"href":"http:\/\/sardinien-hausvermietung.de\/index.php?rest_route=\/wp\/v2\/pages\/1305\/revisions\/1915"}],"wp:attachment":[{"href":"http:\/\/sardinien-hausvermietung.de\/index.php?rest_route=%2Fwp%2Fv2%2Fmedia&parent=1305"}],"curies":[{"name":"wp","href":"https:\/\/api.w.org\/{rel}","templated":true}]}}