{"id":1917,"date":"2015-01-22T17:32:38","date_gmt":"2015-01-22T16:32:38","guid":{"rendered":"http:\/\/sardinien-hausvermietung.de\/?page_id=1917"},"modified":"2015-01-23T09:23:59","modified_gmt":"2015-01-23T08:23:59","slug":"die-stadt-st-teresa","status":"publish","type":"page","link":"http:\/\/sardinien-hausvermietung.de\/?page_id=1917","title":{"rendered":"Die Stadt St.Teresa."},"content":{"rendered":"<p>Die Stadt St.Teresa hat so einiges zu bieten.<br \/>\nLeckere Restaurants:<br \/>\nAnschriften und Verzeichnis folgt.<\/p>\n<p>Den w\u00f6chentlichen Markt am xy<br \/>\nDen sch\u00f6nen Strand von Rena Bianca und die knuffige Innenstadt, die<br \/>\nzum Bummeln einl\u00e4dt. Eis essen, auf der Piazza sitzen, den Yachthafen erkunden, den Rundgang an der K\u00fcstenlinie zwischen dem Torre und dem Strand RenaBianca oder die kleinen L\u00e4dchen besuchen.<br \/>\nHier ein paar Impressionen:<br \/>\nWeitere folgend im Herbst 2015, da wir dann aktuelle Fotos mitbringen.<\/p>\n<div id='gallery-1' class='gallery galleryid-1917 gallery-columns-3 gallery-size-thumbnail'><dl class='gallery-item'>\n\t\t\t<dt class='gallery-icon portrait'>\n\t\t\t\t<a href='http:\/\/sardinien-hausvermietung.de\/?attachment_id=1901'><img loading=\"lazy\" decoding=\"async\" width=\"150\" height=\"150\" src=\"http:\/\/sardinien-hausvermietung.de\/wp-content\/uploads\/2015\/01\/IMG_5624-150x150.jpg\" class=\"attachment-thumbnail size-thumbnail\" alt=\"\" aria-describedby=\"gallery-1-1901\" srcset=\"http:\/\/sardinien-hausvermietung.de\/wp-content\/uploads\/2015\/01\/IMG_5624-e1421938007424-150x150.jpg 150w, http:\/\/sardinien-hausvermietung.de\/wp-content\/uploads\/2015\/01\/IMG_5624-e1421938007424-100x100.jpg 100w, http:\/\/sardinien-hausvermietung.de\/wp-content\/uploads\/2015\/01\/IMG_5624-300x300.jpg 300w\" sizes=\"(max-width: 150px) 100vw, 150px\" \/><\/a>\n\t\t\t<\/dt>\n\t\t\t\t<dd class='wp-caption-text gallery-caption' id='gallery-1-1901'>\n\t\t\t\tDie Sarden k\u00f6nnen auch Kakao machen!\n\t\t\t\t<\/dd><\/dl><dl class='gallery-item'>\n\t\t\t<dt class='gallery-icon landscape'>\n\t\t\t\t<a href='http:\/\/sardinien-hausvermietung.de\/?attachment_id=1885'><img loading=\"lazy\" decoding=\"async\" width=\"150\" height=\"150\" src=\"http:\/\/sardinien-hausvermietung.de\/wp-content\/uploads\/2015\/01\/100_3502_resized-150x150.jpg\" class=\"attachment-thumbnail size-thumbnail\" alt=\"\" aria-describedby=\"gallery-1-1885\" srcset=\"http:\/\/sardinien-hausvermietung.de\/wp-content\/uploads\/2015\/01\/100_3502_resized-e1421938518355-150x150.jpg 150w, http:\/\/sardinien-hausvermietung.de\/wp-content\/uploads\/2015\/01\/100_3502_resized-e1421938518355-100x100.jpg 100w, http:\/\/sardinien-hausvermietung.de\/wp-content\/uploads\/2015\/01\/100_3502_resized-300x300.jpg 300w\" sizes=\"(max-width: 150px) 100vw, 150px\" \/><\/a>\n\t\t\t<\/dt>\n\t\t\t\t<dd class='wp-caption-text gallery-caption' id='gallery-1-1885'>\n\t\t\t\tRelaxen beim Eis in St.Teresa.\n\t\t\t\t<\/dd><\/dl><dl class='gallery-item'>\n\t\t\t<dt class='gallery-icon landscape'>\n\t\t\t\t<a href='http:\/\/sardinien-hausvermietung.de\/?attachment_id=1877'><img loading=\"lazy\" decoding=\"async\" width=\"150\" height=\"150\" src=\"http:\/\/sardinien-hausvermietung.de\/wp-content\/uploads\/2015\/01\/100_3413_resized-150x150.jpg\" class=\"attachment-thumbnail size-thumbnail\" alt=\"\" aria-describedby=\"gallery-1-1877\" srcset=\"http:\/\/sardinien-hausvermietung.de\/wp-content\/uploads\/2015\/01\/100_3413_resized-150x150.jpg 150w, http:\/\/sardinien-hausvermietung.de\/wp-content\/uploads\/2015\/01\/100_3413_resized-e1421938783139-100x100.jpg 100w, http:\/\/sardinien-hausvermietung.de\/wp-content\/uploads\/2015\/01\/100_3413_resized-e1421938783139-300x300.jpg 300w\" sizes=\"(max-width: 150px) 100vw, 150px\" \/><\/a>\n\t\t\t<\/dt>\n\t\t\t\t<dd class='wp-caption-text gallery-caption' id='gallery-1-1877'>\n\t\t\t\tSt.Teresa Yachthafen. Nette Impressionen.\n\t\t\t\t<\/dd><\/dl><br style=\"clear: both\" \/><dl class='gallery-item'>\n\t\t\t<dt class='gallery-icon landscape'>\n\t\t\t\t<a href='http:\/\/sardinien-hausvermietung.de\/?attachment_id=1875'><img loading=\"lazy\" decoding=\"async\" width=\"150\" height=\"150\" src=\"http:\/\/sardinien-hausvermietung.de\/wp-content\/uploads\/2015\/01\/Bild059-150x150.jpg\" class=\"attachment-thumbnail size-thumbnail\" alt=\"\" aria-describedby=\"gallery-1-1875\" srcset=\"http:\/\/sardinien-hausvermietung.de\/wp-content\/uploads\/2015\/01\/Bild059-150x150.jpg 150w, http:\/\/sardinien-hausvermietung.de\/wp-content\/uploads\/2015\/01\/Bild059-e1421938838149-100x100.jpg 100w, http:\/\/sardinien-hausvermietung.de\/wp-content\/uploads\/2015\/01\/Bild059-e1421938838149-300x300.jpg 300w\" sizes=\"(max-width: 150px) 100vw, 150px\" \/><\/a>\n\t\t\t<\/dt>\n\t\t\t\t<dd class='wp-caption-text gallery-caption' id='gallery-1-1875'>\n\t\t\t\tSt.Teresa Oldtimertreffen auf Sardisch.\n\t\t\t\t<\/dd><\/dl><dl class='gallery-item'>\n\t\t\t<dt class='gallery-icon landscape'>\n\t\t\t\t<a href='http:\/\/sardinien-hausvermietung.de\/?attachment_id=1866'><img loading=\"lazy\" decoding=\"async\" width=\"150\" height=\"150\" src=\"http:\/\/sardinien-hausvermietung.de\/wp-content\/uploads\/2015\/01\/Bild176-150x150.jpg\" class=\"attachment-thumbnail size-thumbnail\" alt=\"\" aria-describedby=\"gallery-1-1866\" srcset=\"http:\/\/sardinien-hausvermietung.de\/wp-content\/uploads\/2015\/01\/Bild176-150x150.jpg 150w, http:\/\/sardinien-hausvermietung.de\/wp-content\/uploads\/2015\/01\/Bild176-e1421939047359-100x100.jpg 100w, http:\/\/sardinien-hausvermietung.de\/wp-content\/uploads\/2015\/01\/Bild176-e1421939047359-300x300.jpg 300w\" sizes=\"(max-width: 150px) 100vw, 150px\" \/><\/a>\n\t\t\t<\/dt>\n\t\t\t\t<dd class='wp-caption-text gallery-caption' id='gallery-1-1866'>\n\t\t\t\tSt.Teresa l\u00e4dt zum bummeln ein. Keine gro\u00dfe Stadt, eher beschaulich und ruhig.\n\t\t\t\t<\/dd><\/dl><dl class='gallery-item'>\n\t\t\t<dt class='gallery-icon portrait'>\n\t\t\t\t<a href='http:\/\/sardinien-hausvermietung.de\/?attachment_id=1858'><img loading=\"lazy\" decoding=\"async\" width=\"150\" height=\"150\" src=\"http:\/\/sardinien-hausvermietung.de\/wp-content\/uploads\/2015\/01\/Bild186-150x150.jpg\" class=\"attachment-thumbnail size-thumbnail\" alt=\"\" aria-describedby=\"gallery-1-1858\" srcset=\"http:\/\/sardinien-hausvermietung.de\/wp-content\/uploads\/2015\/01\/Bild186-e1421939279496-150x150.jpg 150w, http:\/\/sardinien-hausvermietung.de\/wp-content\/uploads\/2015\/01\/Bild186-e1421939279496-100x100.jpg 100w, http:\/\/sardinien-hausvermietung.de\/wp-content\/uploads\/2015\/01\/Bild186-300x300.jpg 300w\" sizes=\"(max-width: 150px) 100vw, 150px\" \/><\/a>\n\t\t\t<\/dt>\n\t\t\t\t<dd class='wp-caption-text gallery-caption' id='gallery-1-1858'>\n\t\t\t\t2 Gl\u00e4schen und der Abend wird wundersch\u00f6n!\n\t\t\t\t<\/dd><\/dl><br style=\"clear: both\" \/><dl class='gallery-item'>\n\t\t\t<dt class='gallery-icon landscape'>\n\t\t\t\t<a href='http:\/\/sardinien-hausvermietung.de\/?attachment_id=1720'><img loading=\"lazy\" decoding=\"async\" width=\"150\" height=\"150\" src=\"http:\/\/sardinien-hausvermietung.de\/wp-content\/uploads\/2015\/01\/DSC_0272-150x150.jpg\" class=\"attachment-thumbnail size-thumbnail\" alt=\"\" aria-describedby=\"gallery-1-1720\" srcset=\"http:\/\/sardinien-hausvermietung.de\/wp-content\/uploads\/2015\/01\/DSC_0272-150x150.jpg 150w, http:\/\/sardinien-hausvermietung.de\/wp-content\/uploads\/2015\/01\/DSC_0272-e1421934500526-100x100.jpg 100w, http:\/\/sardinien-hausvermietung.de\/wp-content\/uploads\/2015\/01\/DSC_0272-e1421934500526-300x300.jpg 300w\" sizes=\"(max-width: 150px) 100vw, 150px\" \/><\/a>\n\t\t\t<\/dt>\n\t\t\t\t<dd class='wp-caption-text gallery-caption' id='gallery-1-1720'>\n\t\t\t\tsardinien-hausvermietung.de\nIhr privater Vermieter f\u00fcr Sardinien Ferienhaus-Vermietung.\n\t\t\t\t<\/dd><\/dl><dl class='gallery-item'>\n\t\t\t<dt class='gallery-icon landscape'>\n\t\t\t\t<a href='http:\/\/sardinien-hausvermietung.de\/?attachment_id=1718'><img loading=\"lazy\" decoding=\"async\" width=\"150\" height=\"150\" src=\"http:\/\/sardinien-hausvermietung.de\/wp-content\/uploads\/2015\/01\/DSC_0269-150x150.jpg\" class=\"attachment-thumbnail size-thumbnail\" alt=\"\" aria-describedby=\"gallery-1-1718\" srcset=\"http:\/\/sardinien-hausvermietung.de\/wp-content\/uploads\/2015\/01\/DSC_0269-150x150.jpg 150w, http:\/\/sardinien-hausvermietung.de\/wp-content\/uploads\/2015\/01\/DSC_0269-e1421934568260-100x100.jpg 100w, http:\/\/sardinien-hausvermietung.de\/wp-content\/uploads\/2015\/01\/DSC_0269-e1421934568260-300x300.jpg 300w\" sizes=\"(max-width: 150px) 100vw, 150px\" \/><\/a>\n\t\t\t<\/dt>\n\t\t\t\t<dd class='wp-caption-text gallery-caption' id='gallery-1-1718'>\n\t\t\t\tsardinien-hausvermietung.de\nIhr privater Vermieter f\u00fcr Sardinien Ferienhaus-Vermietung.\n\t\t\t\t<\/dd><\/dl><dl class='gallery-item'>\n\t\t\t<dt class='gallery-icon landscape'>\n\t\t\t\t<a href='http:\/\/sardinien-hausvermietung.de\/?attachment_id=1867'><img loading=\"lazy\" decoding=\"async\" width=\"150\" height=\"150\" src=\"http:\/\/sardinien-hausvermietung.de\/wp-content\/uploads\/2015\/01\/Bild181-150x150.jpg\" class=\"attachment-thumbnail size-thumbnail\" alt=\"\" aria-describedby=\"gallery-1-1867\" srcset=\"http:\/\/sardinien-hausvermietung.de\/wp-content\/uploads\/2015\/01\/Bild181-e1421939016418-150x150.jpg 150w, http:\/\/sardinien-hausvermietung.de\/wp-content\/uploads\/2015\/01\/Bild181-e1421939016418-100x100.jpg 100w, http:\/\/sardinien-hausvermietung.de\/wp-content\/uploads\/2015\/01\/Bild181-300x300.jpg 300w\" sizes=\"(max-width: 150px) 100vw, 150px\" \/><\/a>\n\t\t\t<\/dt>\n\t\t\t\t<dd class='wp-caption-text gallery-caption' id='gallery-1-1867'>\n\t\t\t\tAm n\u00f6rdlichsten Zipfel der Stadt und der Insel Sardinien sollten Sie vor diesem Bauwerk stehen, sonst sind Sie am falschem Ende.\n\t\t\t\t<\/dd><\/dl><br style=\"clear: both\" \/>\n\t\t<\/div>\n\n","protected":false},"excerpt":{"rendered":"<p>Die Stadt St.Teresa hat so einiges zu bieten. Leckere Restaurants: Anschriften und Verzeichnis folgt. Den w\u00f6chentlichen Markt am xy Den [&hellip;]<\/p>\n","protected":false},"author":1,"featured_media":0,"parent":0,"menu_order":0,"comment_status":"closed","ping_status":"open","template":"","meta":{"footnotes":""},"class_list":["post-1917","page","type-page","status-publish","hentry","no-featured-image"],"_links":{"self":[{"href":"http:\/\/sardinien-hausvermietung.de\/index.php?rest_route=\/wp\/v2\/pages\/1917"}],"collection":[{"href":"http:\/\/sardinien-hausvermietung.de\/index.php?rest_route=\/wp\/v2\/pages"}],"about":[{"href":"http:\/\/sardinien-hausvermietung.de\/index.php?rest_route=\/wp\/v2\/types\/page"}],"author":[{"embeddable":true,"href":"http:\/\/sardinien-hausvermietung.de\/index.php?rest_route=\/wp\/v2\/users\/1"}],"replies":[{"embeddable":true,"href":"http:\/\/sardinien-hausvermietung.de\/index.php?rest_route=%2Fwp%2Fv2%2Fcomments&post=1917"}],"version-history":[{"count":5,"href":"http:\/\/sardinien-hausvermietung.de\/index.php?rest_route=\/wp\/v2\/pages\/1917\/revisions"}],"predecessor-version":[{"id":1987,"href":"http:\/\/sardinien-hausvermietung.de\/index.php?rest_route=\/wp\/v2\/pages\/1917\/revisions\/1987"}],"wp:attachment":[{"href":"http:\/\/sardinien-hausvermietung.de\/index.php?rest_route=%2Fwp%2Fv2%2Fmedia&parent=1917"}],"curies":[{"name":"wp","href":"https:\/\/api.w.org\/{rel}","templated":true}]}}