{"id":1936,"date":"2015-01-22T17:46:15","date_gmt":"2015-01-22T16:46:15","guid":{"rendered":"http:\/\/sardinien-hausvermietung.de\/?page_id=1936"},"modified":"2015-01-23T09:28:40","modified_gmt":"2015-01-23T08:28:40","slug":"die-straende-und-die-natur","status":"publish","type":"page","link":"http:\/\/sardinien-hausvermietung.de\/?page_id=1936","title":{"rendered":"Die Str\u00e4nde \/ Natur."},"content":{"rendered":"<p>Str\u00e4nde gibt es reichlich in Nord-Sardinien. Eine genaue Karte werden wir zu einem sp\u00e4teren Zeitpunkt noch einf\u00fcgen.<br \/>\nHier erstmal ein paar Impressionen:<\/p>\n<div id='gallery-1' class='gallery galleryid-1936 gallery-columns-3 gallery-size-thumbnail'><dl class='gallery-item'>\n\t\t\t<dt class='gallery-icon landscape'>\n\t\t\t\t<a href='http:\/\/sardinien-hausvermietung.de\/?attachment_id=1908'><img loading=\"lazy\" decoding=\"async\" width=\"150\" height=\"150\" src=\"http:\/\/sardinien-hausvermietung.de\/wp-content\/uploads\/2015\/01\/Bild242-150x150.jpg\" class=\"attachment-thumbnail size-thumbnail\" alt=\"\" aria-describedby=\"gallery-1-1908\" srcset=\"http:\/\/sardinien-hausvermietung.de\/wp-content\/uploads\/2015\/01\/Bild242-e1421937781957-150x150.jpg 150w, http:\/\/sardinien-hausvermietung.de\/wp-content\/uploads\/2015\/01\/Bild242-e1421937781957-100x100.jpg 100w, http:\/\/sardinien-hausvermietung.de\/wp-content\/uploads\/2015\/01\/Bild242-300x300.jpg 300w\" sizes=\"(max-width: 150px) 100vw, 150px\" \/><\/a>\n\t\t\t<\/dt>\n\t\t\t\t<dd class='wp-caption-text gallery-caption' id='gallery-1-1908'>\n\t\t\t\tPilze sammeln &#8211; wer sich auskennt wird f\u00fcndig!\n\t\t\t\t<\/dd><\/dl><dl class='gallery-item'>\n\t\t\t<dt class='gallery-icon landscape'>\n\t\t\t\t<a href='http:\/\/sardinien-hausvermietung.de\/?attachment_id=1906'><img loading=\"lazy\" decoding=\"async\" width=\"150\" height=\"150\" src=\"http:\/\/sardinien-hausvermietung.de\/wp-content\/uploads\/2015\/01\/Bild240-150x150.jpg\" class=\"attachment-thumbnail size-thumbnail\" alt=\"\" aria-describedby=\"gallery-1-1906\" srcset=\"http:\/\/sardinien-hausvermietung.de\/wp-content\/uploads\/2015\/01\/Bild240-e1421937841245-150x150.jpg 150w, http:\/\/sardinien-hausvermietung.de\/wp-content\/uploads\/2015\/01\/Bild240-e1421937841245-100x100.jpg 100w, http:\/\/sardinien-hausvermietung.de\/wp-content\/uploads\/2015\/01\/Bild240-300x300.jpg 300w\" sizes=\"(max-width: 150px) 100vw, 150px\" \/><\/a>\n\t\t\t<\/dt>\n\t\t\t\t<dd class='wp-caption-text gallery-caption' id='gallery-1-1906'>\n\t\t\t\tVitaminmangel gibt es nicht auf Sardinien.\n\t\t\t\t<\/dd><\/dl><dl class='gallery-item'>\n\t\t\t<dt class='gallery-icon portrait'>\n\t\t\t\t<a href='http:\/\/sardinien-hausvermietung.de\/?attachment_id=1905'><img loading=\"lazy\" decoding=\"async\" width=\"150\" height=\"150\" src=\"http:\/\/sardinien-hausvermietung.de\/wp-content\/uploads\/2015\/01\/Bild239-150x150.jpg\" class=\"attachment-thumbnail size-thumbnail\" alt=\"\" aria-describedby=\"gallery-1-1905\" srcset=\"http:\/\/sardinien-hausvermietung.de\/wp-content\/uploads\/2015\/01\/Bild239-e1421937876741-150x150.jpg 150w, http:\/\/sardinien-hausvermietung.de\/wp-content\/uploads\/2015\/01\/Bild239-e1421937876741-100x100.jpg 100w, http:\/\/sardinien-hausvermietung.de\/wp-content\/uploads\/2015\/01\/Bild239-300x300.jpg 300w\" sizes=\"(max-width: 150px) 100vw, 150px\" \/><\/a>\n\t\t\t<\/dt>\n\t\t\t\t<dd class='wp-caption-text gallery-caption' id='gallery-1-1905'>\n\t\t\t\tOrangen gibts im Winter.\n\t\t\t\t<\/dd><\/dl><br style=\"clear: both\" \/><dl class='gallery-item'>\n\t\t\t<dt class='gallery-icon landscape'>\n\t\t\t\t<a href='http:\/\/sardinien-hausvermietung.de\/?attachment_id=1902'><img loading=\"lazy\" decoding=\"async\" width=\"150\" height=\"150\" src=\"http:\/\/sardinien-hausvermietung.de\/wp-content\/uploads\/2015\/01\/IMG_5124-150x150.jpg\" class=\"attachment-thumbnail size-thumbnail\" alt=\"\" aria-describedby=\"gallery-1-1902\" srcset=\"http:\/\/sardinien-hausvermietung.de\/wp-content\/uploads\/2015\/01\/IMG_5124-e1421937975366-150x150.jpg 150w, http:\/\/sardinien-hausvermietung.de\/wp-content\/uploads\/2015\/01\/IMG_5124-e1421937975366-100x100.jpg 100w, http:\/\/sardinien-hausvermietung.de\/wp-content\/uploads\/2015\/01\/IMG_5124-300x300.jpg 300w\" sizes=\"(max-width: 150px) 100vw, 150px\" \/><\/a>\n\t\t\t<\/dt>\n\t\t\t\t<dd class='wp-caption-text gallery-caption' id='gallery-1-1902'>\n\t\t\t\tTopp-Qualit\u00e4t da ohne Chemie!\n\t\t\t\t<\/dd><\/dl><dl class='gallery-item'>\n\t\t\t<dt class='gallery-icon portrait'>\n\t\t\t\t<a href='http:\/\/sardinien-hausvermietung.de\/?attachment_id=1900'><img loading=\"lazy\" decoding=\"async\" width=\"150\" height=\"150\" src=\"http:\/\/sardinien-hausvermietung.de\/wp-content\/uploads\/2015\/01\/IMG_5120-150x150.jpg\" class=\"attachment-thumbnail size-thumbnail\" alt=\"\" aria-describedby=\"gallery-1-1900\" srcset=\"http:\/\/sardinien-hausvermietung.de\/wp-content\/uploads\/2015\/01\/IMG_5120-e1421938035362-150x150.jpg 150w, http:\/\/sardinien-hausvermietung.de\/wp-content\/uploads\/2015\/01\/IMG_5120-e1421938035362-100x100.jpg 100w, http:\/\/sardinien-hausvermietung.de\/wp-content\/uploads\/2015\/01\/IMG_5120-300x300.jpg 300w\" sizes=\"(max-width: 150px) 100vw, 150px\" \/><\/a>\n\t\t\t<\/dt>\n\t\t\t\t<dd class='wp-caption-text gallery-caption' id='gallery-1-1900'>\n\t\t\t\tKlettern im Herbst in CapoTesta.\n\t\t\t\t<\/dd><\/dl><dl class='gallery-item'>\n\t\t\t<dt class='gallery-icon landscape'>\n\t\t\t\t<a href='http:\/\/sardinien-hausvermietung.de\/?attachment_id=1724'><img loading=\"lazy\" decoding=\"async\" width=\"150\" height=\"150\" src=\"http:\/\/sardinien-hausvermietung.de\/wp-content\/uploads\/2015\/01\/21072010343-150x150.jpg\" class=\"attachment-thumbnail size-thumbnail\" alt=\"\" aria-describedby=\"gallery-1-1724\" srcset=\"http:\/\/sardinien-hausvermietung.de\/wp-content\/uploads\/2015\/01\/21072010343-150x150.jpg 150w, http:\/\/sardinien-hausvermietung.de\/wp-content\/uploads\/2015\/01\/21072010343-e1421934417596-100x100.jpg 100w, http:\/\/sardinien-hausvermietung.de\/wp-content\/uploads\/2015\/01\/21072010343-e1421934417596-300x300.jpg 300w\" sizes=\"(max-width: 150px) 100vw, 150px\" \/><\/a>\n\t\t\t<\/dt>\n\t\t\t\t<dd class='wp-caption-text gallery-caption' id='gallery-1-1724'>\n\t\t\t\tsardinien-hausvermietung.de\nIhr privater Vermieter f\u00fcr Sardinien Ferienhaus-Vermietung.\n\t\t\t\t<\/dd><\/dl><br style=\"clear: both\" \/><dl class='gallery-item'>\n\t\t\t<dt class='gallery-icon landscape'>\n\t\t\t\t<a href='http:\/\/sardinien-hausvermietung.de\/?attachment_id=1721'><img loading=\"lazy\" decoding=\"async\" width=\"150\" height=\"150\" src=\"http:\/\/sardinien-hausvermietung.de\/wp-content\/uploads\/2015\/01\/Bild332-150x150.jpg\" class=\"attachment-thumbnail size-thumbnail\" alt=\"\" aria-describedby=\"gallery-1-1721\" srcset=\"http:\/\/sardinien-hausvermietung.de\/wp-content\/uploads\/2015\/01\/Bild332-150x150.jpg 150w, http:\/\/sardinien-hausvermietung.de\/wp-content\/uploads\/2015\/01\/Bild332-e1421934476369-100x100.jpg 100w, http:\/\/sardinien-hausvermietung.de\/wp-content\/uploads\/2015\/01\/Bild332-e1421934476369-300x300.jpg 300w\" sizes=\"(max-width: 150px) 100vw, 150px\" \/><\/a>\n\t\t\t<\/dt>\n\t\t\t\t<dd class='wp-caption-text gallery-caption' id='gallery-1-1721'>\n\t\t\t\tsardinien-hausvermietung.de\nIhr privater Vermieter f\u00fcr Sardinien Ferienhaus-Vermietung.\n\t\t\t\t<\/dd><\/dl><dl class='gallery-item'>\n\t\t\t<dt class='gallery-icon landscape'>\n\t\t\t\t<a href='http:\/\/sardinien-hausvermietung.de\/?attachment_id=1722'><img loading=\"lazy\" decoding=\"async\" width=\"150\" height=\"150\" src=\"http:\/\/sardinien-hausvermietung.de\/wp-content\/uploads\/2015\/01\/Bild337-150x150.jpg\" class=\"attachment-thumbnail size-thumbnail\" alt=\"\" aria-describedby=\"gallery-1-1722\" srcset=\"http:\/\/sardinien-hausvermietung.de\/wp-content\/uploads\/2015\/01\/Bild337-150x150.jpg 150w, http:\/\/sardinien-hausvermietung.de\/wp-content\/uploads\/2015\/01\/Bild337-e1421934457881-100x100.jpg 100w, http:\/\/sardinien-hausvermietung.de\/wp-content\/uploads\/2015\/01\/Bild337-e1421934457881-300x300.jpg 300w\" sizes=\"(max-width: 150px) 100vw, 150px\" \/><\/a>\n\t\t\t<\/dt>\n\t\t\t\t<dd class='wp-caption-text gallery-caption' id='gallery-1-1722'>\n\t\t\t\tsardinien-hausvermietung.de\nIhr privater Vermieter f\u00fcr Sardinien Ferienhaus-Vermietung.\n\t\t\t\t<\/dd><\/dl><dl class='gallery-item'>\n\t\t\t<dt class='gallery-icon landscape'>\n\t\t\t\t<a href='http:\/\/sardinien-hausvermietung.de\/?attachment_id=1723'><img loading=\"lazy\" decoding=\"async\" width=\"150\" height=\"150\" src=\"http:\/\/sardinien-hausvermietung.de\/wp-content\/uploads\/2015\/01\/21072010339-150x150.jpg\" class=\"attachment-thumbnail size-thumbnail\" alt=\"\" aria-describedby=\"gallery-1-1723\" srcset=\"http:\/\/sardinien-hausvermietung.de\/wp-content\/uploads\/2015\/01\/21072010339-150x150.jpg 150w, http:\/\/sardinien-hausvermietung.de\/wp-content\/uploads\/2015\/01\/21072010339-e1421934436163-100x100.jpg 100w, http:\/\/sardinien-hausvermietung.de\/wp-content\/uploads\/2015\/01\/21072010339-e1421934436163-300x300.jpg 300w\" sizes=\"(max-width: 150px) 100vw, 150px\" \/><\/a>\n\t\t\t<\/dt>\n\t\t\t\t<dd class='wp-caption-text gallery-caption' id='gallery-1-1723'>\n\t\t\t\tsardinien-hausvermietung.de\nIhr privater Vermieter f\u00fcr Sardinien Ferienhaus-Vermietung.\n\t\t\t\t<\/dd><\/dl><br style=\"clear: both\" \/><dl class='gallery-item'>\n\t\t\t<dt class='gallery-icon landscape'>\n\t\t\t\t<a href='http:\/\/sardinien-hausvermietung.de\/?attachment_id=1719'><img loading=\"lazy\" decoding=\"async\" width=\"150\" height=\"150\" src=\"http:\/\/sardinien-hausvermietung.de\/wp-content\/uploads\/2015\/01\/Bild167-150x150.jpg\" class=\"attachment-thumbnail size-thumbnail\" alt=\"\" aria-describedby=\"gallery-1-1719\" srcset=\"http:\/\/sardinien-hausvermietung.de\/wp-content\/uploads\/2015\/01\/Bild167-150x150.jpg 150w, http:\/\/sardinien-hausvermietung.de\/wp-content\/uploads\/2015\/01\/Bild167-e1421934547759-100x100.jpg 100w, http:\/\/sardinien-hausvermietung.de\/wp-content\/uploads\/2015\/01\/Bild167-e1421934547759-300x300.jpg 300w\" sizes=\"(max-width: 150px) 100vw, 150px\" \/><\/a>\n\t\t\t<\/dt>\n\t\t\t\t<dd class='wp-caption-text gallery-caption' id='gallery-1-1719'>\n\t\t\t\tsardinien-hausvermietung.de\nIhr privater Vermieter f\u00fcr Sardinien Ferienhaus-Vermietung.\n\t\t\t\t<\/dd><\/dl><dl class='gallery-item'>\n\t\t\t<dt class='gallery-icon landscape'>\n\t\t\t\t<a href='http:\/\/sardinien-hausvermietung.de\/?attachment_id=1717'><img loading=\"lazy\" decoding=\"async\" width=\"150\" height=\"150\" src=\"http:\/\/sardinien-hausvermietung.de\/wp-content\/uploads\/2015\/01\/IMG_3599-150x150.jpg\" class=\"attachment-thumbnail size-thumbnail\" alt=\"\" aria-describedby=\"gallery-1-1717\" srcset=\"http:\/\/sardinien-hausvermietung.de\/wp-content\/uploads\/2015\/01\/IMG_3599-150x150.jpg 150w, http:\/\/sardinien-hausvermietung.de\/wp-content\/uploads\/2015\/01\/IMG_3599-e1421934602282-100x100.jpg 100w, http:\/\/sardinien-hausvermietung.de\/wp-content\/uploads\/2015\/01\/IMG_3599-e1421934602282-300x300.jpg 300w\" sizes=\"(max-width: 150px) 100vw, 150px\" \/><\/a>\n\t\t\t<\/dt>\n\t\t\t\t<dd class='wp-caption-text gallery-caption' id='gallery-1-1717'>\n\t\t\t\tsardinien-hausvermietung.de\nIhr privater Vermieter f\u00fcr Sardinien Ferienhaus-Vermietung.\n\t\t\t\t<\/dd><\/dl><dl class='gallery-item'>\n\t\t\t<dt class='gallery-icon landscape'>\n\t\t\t\t<a href='http:\/\/sardinien-hausvermietung.de\/?attachment_id=1716'><img loading=\"lazy\" decoding=\"async\" width=\"150\" height=\"150\" src=\"http:\/\/sardinien-hausvermietung.de\/wp-content\/uploads\/2015\/01\/IMG_3592-150x150.jpg\" class=\"attachment-thumbnail size-thumbnail\" alt=\"\" aria-describedby=\"gallery-1-1716\" srcset=\"http:\/\/sardinien-hausvermietung.de\/wp-content\/uploads\/2015\/01\/IMG_3592-150x150.jpg 150w, http:\/\/sardinien-hausvermietung.de\/wp-content\/uploads\/2015\/01\/IMG_3592-e1421934629885-100x100.jpg 100w, http:\/\/sardinien-hausvermietung.de\/wp-content\/uploads\/2015\/01\/IMG_3592-e1421934629885-300x300.jpg 300w\" sizes=\"(max-width: 150px) 100vw, 150px\" \/><\/a>\n\t\t\t<\/dt>\n\t\t\t\t<dd class='wp-caption-text gallery-caption' id='gallery-1-1716'>\n\t\t\t\tsardinien-hausvermietung.de\nIhr privater Vermieter f\u00fcr Sardinien Ferienhaus-Vermietung.\n\t\t\t\t<\/dd><\/dl><br style=\"clear: both\" \/><dl class='gallery-item'>\n\t\t\t<dt class='gallery-icon landscape'>\n\t\t\t\t<a href='http:\/\/sardinien-hausvermietung.de\/?attachment_id=1711'><img loading=\"lazy\" decoding=\"async\" width=\"150\" height=\"150\" src=\"http:\/\/sardinien-hausvermietung.de\/wp-content\/uploads\/2015\/01\/Sardinien-2011-087-150x150.jpg\" class=\"attachment-thumbnail size-thumbnail\" alt=\"\" aria-describedby=\"gallery-1-1711\" srcset=\"http:\/\/sardinien-hausvermietung.de\/wp-content\/uploads\/2015\/01\/Sardinien-2011-087-150x150.jpg 150w, http:\/\/sardinien-hausvermietung.de\/wp-content\/uploads\/2015\/01\/Sardinien-2011-087-e1421934765285-100x100.jpg 100w, http:\/\/sardinien-hausvermietung.de\/wp-content\/uploads\/2015\/01\/Sardinien-2011-087-e1421934765285-300x300.jpg 300w\" sizes=\"(max-width: 150px) 100vw, 150px\" \/><\/a>\n\t\t\t<\/dt>\n\t\t\t\t<dd class='wp-caption-text gallery-caption' id='gallery-1-1711'>\n\t\t\t\tsardinien-hausvermietung.de\nIhr privater Vermieter f\u00fcr Sardinien Ferienhaus-Vermietung.\n\t\t\t\t<\/dd><\/dl><dl class='gallery-item'>\n\t\t\t<dt class='gallery-icon landscape'>\n\t\t\t\t<a href='http:\/\/sardinien-hausvermietung.de\/?attachment_id=1715'><img loading=\"lazy\" decoding=\"async\" width=\"150\" height=\"150\" src=\"http:\/\/sardinien-hausvermietung.de\/wp-content\/uploads\/2015\/01\/IMG_3590-150x150.jpg\" class=\"attachment-thumbnail size-thumbnail\" alt=\"\" aria-describedby=\"gallery-1-1715\" srcset=\"http:\/\/sardinien-hausvermietung.de\/wp-content\/uploads\/2015\/01\/IMG_3590-150x150.jpg 150w, http:\/\/sardinien-hausvermietung.de\/wp-content\/uploads\/2015\/01\/IMG_3590-e1421934658859-100x100.jpg 100w, http:\/\/sardinien-hausvermietung.de\/wp-content\/uploads\/2015\/01\/IMG_3590-e1421934658859-300x300.jpg 300w\" sizes=\"(max-width: 150px) 100vw, 150px\" \/><\/a>\n\t\t\t<\/dt>\n\t\t\t\t<dd class='wp-caption-text gallery-caption' id='gallery-1-1715'>\n\t\t\t\tsardinien-hausvermietung.de\nIhr privater Vermieter f\u00fcr Sardinien Ferienhaus-Vermietung.\n\t\t\t\t<\/dd><\/dl><dl class='gallery-item'>\n\t\t\t<dt class='gallery-icon landscape'>\n\t\t\t\t<a href='http:\/\/sardinien-hausvermietung.de\/?attachment_id=1710'><img loading=\"lazy\" decoding=\"async\" width=\"150\" height=\"150\" src=\"http:\/\/sardinien-hausvermietung.de\/wp-content\/uploads\/2015\/01\/Sardinien-2011-172-150x150.jpg\" class=\"attachment-thumbnail size-thumbnail\" alt=\"\" aria-describedby=\"gallery-1-1710\" srcset=\"http:\/\/sardinien-hausvermietung.de\/wp-content\/uploads\/2015\/01\/Sardinien-2011-172-150x150.jpg 150w, http:\/\/sardinien-hausvermietung.de\/wp-content\/uploads\/2015\/01\/Sardinien-2011-172-e1421920600240-100x100.jpg 100w, http:\/\/sardinien-hausvermietung.de\/wp-content\/uploads\/2015\/01\/Sardinien-2011-172-e1421920600240-300x300.jpg 300w\" sizes=\"(max-width: 150px) 100vw, 150px\" \/><\/a>\n\t\t\t<\/dt>\n\t\t\t\t<dd class='wp-caption-text gallery-caption' id='gallery-1-1710'>\n\t\t\t\tKristallklares Wasser &#8211; und immer einen leichten Wind, so lieben wir Sardinien.\n\t\t\t\t<\/dd><\/dl><br style=\"clear: both\" \/><dl class='gallery-item'>\n\t\t\t<dt class='gallery-icon landscape'>\n\t\t\t\t<a href='http:\/\/sardinien-hausvermietung.de\/?attachment_id=1709'><img loading=\"lazy\" decoding=\"async\" width=\"150\" height=\"150\" src=\"http:\/\/sardinien-hausvermietung.de\/wp-content\/uploads\/2015\/01\/16072010280-150x150.jpg\" class=\"attachment-thumbnail size-thumbnail\" alt=\"\" aria-describedby=\"gallery-1-1709\" srcset=\"http:\/\/sardinien-hausvermietung.de\/wp-content\/uploads\/2015\/01\/16072010280-150x150.jpg 150w, http:\/\/sardinien-hausvermietung.de\/wp-content\/uploads\/2015\/01\/16072010280-e1421920746939-100x100.jpg 100w, http:\/\/sardinien-hausvermietung.de\/wp-content\/uploads\/2015\/01\/16072010280-e1421920746939-300x300.jpg 300w\" sizes=\"(max-width: 150px) 100vw, 150px\" \/><\/a>\n\t\t\t<\/dt>\n\t\t\t\t<dd class='wp-caption-text gallery-caption' id='gallery-1-1709'>\n\t\t\t\tT\u00fcrkisblaues Wasser in der Badebucht von Conca Verde, nur wenige Fahrminuten vom Ferienhaus entfernt.\n\t\t\t\t<\/dd><\/dl><dl class='gallery-item'>\n\t\t\t<dt class='gallery-icon landscape'>\n\t\t\t\t<a href='http:\/\/sardinien-hausvermietung.de\/?attachment_id=1708'><img loading=\"lazy\" decoding=\"async\" width=\"150\" height=\"150\" src=\"http:\/\/sardinien-hausvermietung.de\/wp-content\/uploads\/2015\/01\/Bild172-150x150.jpg\" class=\"attachment-thumbnail size-thumbnail\" alt=\"\" aria-describedby=\"gallery-1-1708\" srcset=\"http:\/\/sardinien-hausvermietung.de\/wp-content\/uploads\/2015\/01\/Bild172-150x150.jpg 150w, http:\/\/sardinien-hausvermietung.de\/wp-content\/uploads\/2015\/01\/Bild172-e1421934793373-100x100.jpg 100w, http:\/\/sardinien-hausvermietung.de\/wp-content\/uploads\/2015\/01\/Bild172-e1421934793373-300x300.jpg 300w\" sizes=\"(max-width: 150px) 100vw, 150px\" \/><\/a>\n\t\t\t<\/dt>\n\t\t\t\t<dd class='wp-caption-text gallery-caption' id='gallery-1-1708'>\n\t\t\t\tTraumhafte Str\u00e4nde, fast f\u00fcr Sie allein.\n\t\t\t\t<\/dd><\/dl><dl class='gallery-item'>\n\t\t\t<dt class='gallery-icon landscape'>\n\t\t\t\t<a href='http:\/\/sardinien-hausvermietung.de\/?attachment_id=1707'><img loading=\"lazy\" decoding=\"async\" width=\"150\" height=\"150\" src=\"http:\/\/sardinien-hausvermietung.de\/wp-content\/uploads\/2015\/01\/DSC_0125-150x150.jpg\" class=\"attachment-thumbnail size-thumbnail\" alt=\"\" aria-describedby=\"gallery-1-1707\" srcset=\"http:\/\/sardinien-hausvermietung.de\/wp-content\/uploads\/2015\/01\/DSC_0125-150x150.jpg 150w, http:\/\/sardinien-hausvermietung.de\/wp-content\/uploads\/2015\/01\/DSC_0125-e1421934864978-100x100.jpg 100w, http:\/\/sardinien-hausvermietung.de\/wp-content\/uploads\/2015\/01\/DSC_0125-e1421934864978-300x300.jpg 300w\" sizes=\"(max-width: 150px) 100vw, 150px\" \/><\/a>\n\t\t\t<\/dt>\n\t\t\t\t<dd class='wp-caption-text gallery-caption' id='gallery-1-1707'>\n\t\t\t\tT\u00fcrkis und hellblau, das Wasser in den Badebuchten.\n\t\t\t\t<\/dd><\/dl><br style=\"clear: both\" \/><dl class='gallery-item'>\n\t\t\t<dt class='gallery-icon landscape'>\n\t\t\t\t<a href='http:\/\/sardinien-hausvermietung.de\/?attachment_id=1705'><img loading=\"lazy\" decoding=\"async\" width=\"150\" height=\"150\" src=\"http:\/\/sardinien-hausvermietung.de\/wp-content\/uploads\/2015\/01\/DSC_0122-150x150.jpg\" class=\"attachment-thumbnail size-thumbnail\" alt=\"\" aria-describedby=\"gallery-1-1705\" srcset=\"http:\/\/sardinien-hausvermietung.de\/wp-content\/uploads\/2015\/01\/DSC_0122-150x150.jpg 150w, http:\/\/sardinien-hausvermietung.de\/wp-content\/uploads\/2015\/01\/DSC_0122-100x100.jpg 100w, http:\/\/sardinien-hausvermietung.de\/wp-content\/uploads\/2015\/01\/DSC_0122-300x300.jpg 300w\" sizes=\"(max-width: 150px) 100vw, 150px\" \/><\/a>\n\t\t\t<\/dt>\n\t\t\t\t<dd class='wp-caption-text gallery-caption' id='gallery-1-1705'>\n\t\t\t\tTauchen, Schnorcheln, Baden.\n\t\t\t\t<\/dd><\/dl><dl class='gallery-item'>\n\t\t\t<dt class='gallery-icon landscape'>\n\t\t\t\t<a href='http:\/\/sardinien-hausvermietung.de\/?attachment_id=1706'><img loading=\"lazy\" decoding=\"async\" width=\"150\" height=\"150\" src=\"http:\/\/sardinien-hausvermietung.de\/wp-content\/uploads\/2015\/01\/DSC_0124-150x150.jpg\" class=\"attachment-thumbnail size-thumbnail\" alt=\"\" aria-describedby=\"gallery-1-1706\" srcset=\"http:\/\/sardinien-hausvermietung.de\/wp-content\/uploads\/2015\/01\/DSC_0124-150x150.jpg 150w, http:\/\/sardinien-hausvermietung.de\/wp-content\/uploads\/2015\/01\/DSC_0124-100x100.jpg 100w, http:\/\/sardinien-hausvermietung.de\/wp-content\/uploads\/2015\/01\/DSC_0124-300x300.jpg 300w\" sizes=\"(max-width: 150px) 100vw, 150px\" \/><\/a>\n\t\t\t<\/dt>\n\t\t\t\t<dd class='wp-caption-text gallery-caption' id='gallery-1-1706'>\n\t\t\t\tMit dem Schlauchboot kommen Sie fast \u00fcberall hin.\n\t\t\t\t<\/dd><\/dl><dl class='gallery-item'>\n\t\t\t<dt class='gallery-icon landscape'>\n\t\t\t\t<a href='http:\/\/sardinien-hausvermietung.de\/?attachment_id=1703'><img loading=\"lazy\" decoding=\"async\" width=\"150\" height=\"150\" src=\"http:\/\/sardinien-hausvermietung.de\/wp-content\/uploads\/2015\/01\/Bild252-150x150.jpg\" class=\"attachment-thumbnail size-thumbnail\" alt=\"\" aria-describedby=\"gallery-1-1703\" srcset=\"http:\/\/sardinien-hausvermietung.de\/wp-content\/uploads\/2015\/01\/Bild252-150x150.jpg 150w, http:\/\/sardinien-hausvermietung.de\/wp-content\/uploads\/2015\/01\/Bild252-100x100.jpg 100w, http:\/\/sardinien-hausvermietung.de\/wp-content\/uploads\/2015\/01\/Bild252-300x300.jpg 300w\" sizes=\"(max-width: 150px) 100vw, 150px\" \/><\/a>\n\t\t\t<\/dt>\n\t\t\t\t<dd class='wp-caption-text gallery-caption' id='gallery-1-1703'>\n\t\t\t\tDer Strand von Rena Majore.\n\t\t\t\t<\/dd><\/dl><br style=\"clear: both\" \/><dl class='gallery-item'>\n\t\t\t<dt class='gallery-icon landscape'>\n\t\t\t\t<a href='http:\/\/sardinien-hausvermietung.de\/?attachment_id=1701'><img loading=\"lazy\" decoding=\"async\" width=\"150\" height=\"150\" src=\"http:\/\/sardinien-hausvermietung.de\/wp-content\/uploads\/2015\/01\/CIMG0072-150x150.jpg\" class=\"attachment-thumbnail size-thumbnail\" alt=\"\" aria-describedby=\"gallery-1-1701\" srcset=\"http:\/\/sardinien-hausvermietung.de\/wp-content\/uploads\/2015\/01\/CIMG0072-150x150.jpg 150w, http:\/\/sardinien-hausvermietung.de\/wp-content\/uploads\/2015\/01\/CIMG0072-100x100.jpg 100w, http:\/\/sardinien-hausvermietung.de\/wp-content\/uploads\/2015\/01\/CIMG0072-300x300.jpg 300w\" sizes=\"(max-width: 150px) 100vw, 150px\" \/><\/a>\n\t\t\t<\/dt>\n\t\t\t\t<dd class='wp-caption-text gallery-caption' id='gallery-1-1701'>\n\t\t\t\tCapo Testa, ideal zum rumkrabbeln und spazieren gehen, nur wenige Fahrminuten entfernt.\n\t\t\t\t<\/dd><\/dl><dl class='gallery-item'>\n\t\t\t<dt class='gallery-icon landscape'>\n\t\t\t\t<a href='http:\/\/sardinien-hausvermietung.de\/?attachment_id=1700'><img loading=\"lazy\" decoding=\"async\" width=\"150\" height=\"150\" src=\"http:\/\/sardinien-hausvermietung.de\/wp-content\/uploads\/2015\/01\/DSC_0072-150x150.jpg\" class=\"attachment-thumbnail size-thumbnail\" alt=\"\" aria-describedby=\"gallery-1-1700\" srcset=\"http:\/\/sardinien-hausvermietung.de\/wp-content\/uploads\/2015\/01\/DSC_0072-150x150.jpg 150w, http:\/\/sardinien-hausvermietung.de\/wp-content\/uploads\/2015\/01\/DSC_0072-e1421934899337-100x100.jpg 100w, http:\/\/sardinien-hausvermietung.de\/wp-content\/uploads\/2015\/01\/DSC_0072-e1421934899337-300x300.jpg 300w\" sizes=\"(max-width: 150px) 100vw, 150px\" \/><\/a>\n\t\t\t<\/dt>\n\t\t\t\t<dd class='wp-caption-text gallery-caption' id='gallery-1-1700'>\n\t\t\t\tKristallklares Wasser in der Bucht von Bonifacio.\n\t\t\t\t<\/dd><\/dl><dl class='gallery-item'>\n\t\t\t<dt class='gallery-icon landscape'>\n\t\t\t\t<a href='http:\/\/sardinien-hausvermietung.de\/?attachment_id=1699'><img loading=\"lazy\" decoding=\"async\" width=\"150\" height=\"150\" src=\"http:\/\/sardinien-hausvermietung.de\/wp-content\/uploads\/2015\/01\/CIMG0068-150x150.jpg\" class=\"attachment-thumbnail size-thumbnail\" alt=\"\" aria-describedby=\"gallery-1-1699\" srcset=\"http:\/\/sardinien-hausvermietung.de\/wp-content\/uploads\/2015\/01\/CIMG0068-150x150.jpg 150w, http:\/\/sardinien-hausvermietung.de\/wp-content\/uploads\/2015\/01\/CIMG0068-e1421934912982-100x100.jpg 100w, http:\/\/sardinien-hausvermietung.de\/wp-content\/uploads\/2015\/01\/CIMG0068-e1421934912982-300x300.jpg 300w\" sizes=\"(max-width: 150px) 100vw, 150px\" \/><\/a>\n\t\t\t<\/dt>\n\t\t\t\t<dd class='wp-caption-text gallery-caption' id='gallery-1-1699'>\n\t\t\t\tBlauer Himmel &#8211; blaues Meer, was will man mehr?\n\t\t\t\t<\/dd><\/dl><br style=\"clear: both\" \/><dl class='gallery-item'>\n\t\t\t<dt class='gallery-icon landscape'>\n\t\t\t\t<a href='http:\/\/sardinien-hausvermietung.de\/?attachment_id=1695'><img loading=\"lazy\" decoding=\"async\" width=\"150\" height=\"150\" src=\"http:\/\/sardinien-hausvermietung.de\/wp-content\/uploads\/2015\/01\/DSC_0046-150x150.jpg\" class=\"attachment-thumbnail size-thumbnail\" alt=\"\" aria-describedby=\"gallery-1-1695\" srcset=\"http:\/\/sardinien-hausvermietung.de\/wp-content\/uploads\/2015\/01\/DSC_0046-150x150.jpg 150w, http:\/\/sardinien-hausvermietung.de\/wp-content\/uploads\/2015\/01\/DSC_0046-e1421934945449-100x100.jpg 100w, http:\/\/sardinien-hausvermietung.de\/wp-content\/uploads\/2015\/01\/DSC_0046-e1421934945449-300x300.jpg 300w\" sizes=\"(max-width: 150px) 100vw, 150px\" \/><\/a>\n\t\t\t<\/dt>\n\t\t\t\t<dd class='wp-caption-text gallery-caption' id='gallery-1-1695'>\n\t\t\t\tEntdecken Sie die vielen kleine Badebuchten.\n\t\t\t\t<\/dd><\/dl><dl class='gallery-item'>\n\t\t\t<dt class='gallery-icon landscape'>\n\t\t\t\t<a href='http:\/\/sardinien-hausvermietung.de\/?attachment_id=1698'><img loading=\"lazy\" decoding=\"async\" width=\"150\" height=\"150\" src=\"http:\/\/sardinien-hausvermietung.de\/wp-content\/uploads\/2015\/01\/CIMG0067-150x150.jpg\" class=\"attachment-thumbnail size-thumbnail\" alt=\"\" aria-describedby=\"gallery-1-1698\" srcset=\"http:\/\/sardinien-hausvermietung.de\/wp-content\/uploads\/2015\/01\/CIMG0067-150x150.jpg 150w, http:\/\/sardinien-hausvermietung.de\/wp-content\/uploads\/2015\/01\/CIMG0067-e1421934922572-100x100.jpg 100w, http:\/\/sardinien-hausvermietung.de\/wp-content\/uploads\/2015\/01\/CIMG0067-e1421934922572-300x300.jpg 300w\" sizes=\"(max-width: 150px) 100vw, 150px\" \/><\/a>\n\t\t\t<\/dt>\n\t\t\t\t<dd class='wp-caption-text gallery-caption' id='gallery-1-1698'>\n\t\t\t\tUnz\u00e4hlige kleine Badebuchten, so finden Sie auch Ihre.\n\t\t\t\t<\/dd><\/dl>\n\t\t\t<br style='clear: both' \/>\n\t\t<\/div>\n\n","protected":false},"excerpt":{"rendered":"<p>Str\u00e4nde gibt es reichlich in Nord-Sardinien. Eine genaue Karte werden wir zu einem sp\u00e4teren Zeitpunkt noch einf\u00fcgen. Hier erstmal ein [&hellip;]<\/p>\n","protected":false},"author":1,"featured_media":0,"parent":0,"menu_order":0,"comment_status":"closed","ping_status":"open","template":"","meta":{"footnotes":""},"class_list":["post-1936","page","type-page","status-publish","hentry","no-featured-image"],"_links":{"self":[{"href":"http:\/\/sardinien-hausvermietung.de\/index.php?rest_route=\/wp\/v2\/pages\/1936"}],"collection":[{"href":"http:\/\/sardinien-hausvermietung.de\/index.php?rest_route=\/wp\/v2\/pages"}],"about":[{"href":"http:\/\/sardinien-hausvermietung.de\/index.php?rest_route=\/wp\/v2\/types\/page"}],"author":[{"embeddable":true,"href":"http:\/\/sardinien-hausvermietung.de\/index.php?rest_route=\/wp\/v2\/users\/1"}],"replies":[{"embeddable":true,"href":"http:\/\/sardinien-hausvermietung.de\/index.php?rest_route=%2Fwp%2Fv2%2Fcomments&post=1936"}],"version-history":[{"count":4,"href":"http:\/\/sardinien-hausvermietung.de\/index.php?rest_route=\/wp\/v2\/pages\/1936\/revisions"}],"predecessor-version":[{"id":1991,"href":"http:\/\/sardinien-hausvermietung.de\/index.php?rest_route=\/wp\/v2\/pages\/1936\/revisions\/1991"}],"wp:attachment":[{"href":"http:\/\/sardinien-hausvermietung.de\/index.php?rest_route=%2Fwp%2Fv2%2Fmedia&parent=1936"}],"curies":[{"name":"wp","href":"https:\/\/api.w.org\/{rel}","templated":true}]}}